{"id":17,"date":"2024-01-05T14:37:03","date_gmt":"2024-01-05T19:37:03","guid":{"rendered":"https:\/\/www.danielmoisan.com\/fondationcj\/?page_id=17"},"modified":"2024-01-31T14:33:53","modified_gmt":"2024-01-31T19:33:53","slug":"faire-un-don","status":"publish","type":"page","link":"https:\/\/fondationjhsl-cj.com\/?page_id=17","title":{"rendered":"FAIRE UN DON"},"content":{"rendered":"\n<figure class=\"wp-block-image size-large is-resized\"><img loading=\"lazy\" decoding=\"async\" width=\"1024\" height=\"659\" src=\"https:\/\/www.danielmoisan.com\/fondationcj\/wp-content\/uploads\/2024\/01\/Capture-decran-le-2024-01-15-a-13.32.21-1024x659.png\" alt=\"\" class=\"wp-image-241\" style=\"width:707px;height:auto\" srcset=\"https:\/\/fondationjhsl-cj.com\/wp-content\/uploads\/2024\/01\/Capture-decran-le-2024-01-15-a-13.32.21-1024x659.png 1024w, https:\/\/fondationjhsl-cj.com\/wp-content\/uploads\/2024\/01\/Capture-decran-le-2024-01-15-a-13.32.21-300x193.png 300w, https:\/\/fondationjhsl-cj.com\/wp-content\/uploads\/2024\/01\/Capture-decran-le-2024-01-15-a-13.32.21-768x494.png 768w, https:\/\/fondationjhsl-cj.com\/wp-content\/uploads\/2024\/01\/Capture-decran-le-2024-01-15-a-13.32.21-1140x734.png 1140w, https:\/\/fondationjhsl-cj.com\/wp-content\/uploads\/2024\/01\/Capture-decran-le-2024-01-15-a-13.32.21.png 1397w\" sizes=\"auto, (max-width: 1024px) 100vw, 1024px\" \/><\/figure>\n\n\n\n<div style=\"height:39px\" aria-hidden=\"true\" class=\"wp-block-spacer\"><\/div>\n\n\n\n<figure class=\"wp-block-image size-full is-resized\"><a href=\"https:\/\/www.canadahelps.org\/fr\/dn\/95459\" target=\"_blank\" rel=\"noreferrer noopener\"><img loading=\"lazy\" decoding=\"async\" width=\"517\" height=\"272\" src=\"https:\/\/www.danielmoisan.com\/fondationcj\/wp-content\/uploads\/2024\/01\/don2enlign.png\" alt=\"\" class=\"wp-image-146\" style=\"width:186px;height:auto\" srcset=\"https:\/\/fondationjhsl-cj.com\/wp-content\/uploads\/2024\/01\/don2enlign.png 517w, https:\/\/fondationjhsl-cj.com\/wp-content\/uploads\/2024\/01\/don2enlign-300x158.png 300w\" sizes=\"auto, (max-width: 517px) 100vw, 517px\" \/><\/a><\/figure>\n\n\n\n<p><\/p>\n\n\n\n<p>Vous pr\u00e9f\u00e9rez la version papier?<br>Voici le\u00a0formulaire de don que vous pouvez t\u00e9l\u00e9charger. Merci de nous le retourner par la poste.<\/p>\n\n\n\n<div class=\"wp-block-file\"><a id=\"wp-block-file--media-bbc716be-84e5-4e4b-9a8a-677b9db4fa0d\" href=\"https:\/\/fondationjhsl-cj.com\/wp-content\/uploads\/2024\/01\/Formulairededonscompletaremplir-1.pdf\" target=\"_blank\" rel=\"noreferrer noopener\"><strong>Formulaire de don \u00e0 remplir<\/strong><\/a><a href=\"https:\/\/fondationjhsl-cj.com\/wp-content\/uploads\/2024\/01\/Formulairededonscompletaremplir-1.pdf\" class=\"wp-block-file__button wp-element-button\" download aria-describedby=\"wp-block-file--media-bbc716be-84e5-4e4b-9a8a-677b9db4fa0d\">T\u00e9l\u00e9charger<\/a><\/div>\n\n\n\n<p>Un re\u00e7u d&rsquo;imp\u00f4t sera \u00e9mis pour tous les dons de plus de\u00a020 $\u00a0<\/p>\n","protected":false},"excerpt":{"rendered":"<p>Vous pr\u00e9f\u00e9rez la version papier?Voici le\u00a0formulaire de don que vous pouvez t\u00e9l\u00e9charger. Merci de nous le retourner par la poste. Un re\u00e7u d&rsquo;imp\u00f4t sera \u00e9mis pour tous les dons de plus de\u00a020 $\u00a0<\/p>\n","protected":false},"author":1,"featured_media":0,"parent":0,"menu_order":0,"comment_status":"closed","ping_status":"closed","template":"","meta":{"footnotes":""},"class_list":["post-17","page","type-page","status-publish","hentry"],"_links":{"self":[{"href":"https:\/\/fondationjhsl-cj.com\/index.php?rest_route=\/wp\/v2\/pages\/17","targetHints":{"allow":["GET"]}}],"collection":[{"href":"https:\/\/fondationjhsl-cj.com\/index.php?rest_route=\/wp\/v2\/pages"}],"about":[{"href":"https:\/\/fondationjhsl-cj.com\/index.php?rest_route=\/wp\/v2\/types\/page"}],"author":[{"embeddable":true,"href":"https:\/\/fondationjhsl-cj.com\/index.php?rest_route=\/wp\/v2\/users\/1"}],"replies":[{"embeddable":true,"href":"https:\/\/fondationjhsl-cj.com\/index.php?rest_route=%2Fwp%2Fv2%2Fcomments&post=17"}],"version-history":[{"count":26,"href":"https:\/\/fondationjhsl-cj.com\/index.php?rest_route=\/wp\/v2\/pages\/17\/revisions"}],"predecessor-version":[{"id":372,"href":"https:\/\/fondationjhsl-cj.com\/index.php?rest_route=\/wp\/v2\/pages\/17\/revisions\/372"}],"wp:attachment":[{"href":"https:\/\/fondationjhsl-cj.com\/index.php?rest_route=%2Fwp%2Fv2%2Fmedia&parent=17"}],"curies":[{"name":"wp","href":"https:\/\/api.w.org\/{rel}","templated":true}]}}